5
What is the thousands digit of 836904?
6
What is the units digit of 4326344?
4
What is the thousands digit of 619917?
9
What is the hundred thousands digit of 1274250?
2
What is the ten thousands digit of 162383?
6
What is the ten millions digit of 17080385?
1
What is the hundred thousands digit of 3065050?
0
What is the ten thousands digit of 25065488?
6
What is the millions digit of 2711781?
2
What is the hundred thousands digit of 517907?
5
What is the ten thousands digit of 600437?
0
What is the ten thousands digit of 1986669?
8
What is the tens digit of 253583?
8
What is the ten thousands digit of 16214033?
1
What is the units digit of 31675?
5
What is the hundred thousands digit of 776909?
7
What is the ten thousands digit of 12808709?
0
What is the hundred thousands digit of 351242?
3
What is the tens digit of 282550?
5
What is the hundred thousands digit of 498135?
4
What is the tens digit of 647580?
8
What is the hundreds digit of 111608?
6
What is the thousands digit of 17766321?
6
What is the thousands digit of 1670430?
0
What is the thousands digit of 292202?
2
What is the tens digit of 926983?
8
What is the thousands digit of 239138?
9
What is the hundreds digit of 12207619?
6
What is the ten thousands digit of 599905?
9
What is the hundreds digit of 193128?
1
What is the units digit of 58048?
8
What is the tens digit of 211924?
2
What is the ten thousands digit of 260420?
6
What is the hundred thousands digit of 1051419?
0
What is the tens digit of 5886003?
0
What is the ten thousands digit of 6509891?
0
What is the tens digit of 3119936?
3
What is the thousands digit of 115232?
5
What is the millions digit of 3967891?
3
What is the hundreds digit of 73682?
6
What is the hundreds digit of 2185131?
1
What is the thousands digit of 3180584?
0
What is the hundreds digit of 3804542?
5
What is the hundred thousands digit of 1489301?
4
What is the tens digit of 2098067?
6
What is the thousands digit of 18021547?
1
What is the ten thousands digit of 3573985?
7
What is the tens digit of 338282?
8
What is the hundred thousands digit of 1771554?
7
What is the thousands digit of 6855564?
5
What is the units digit of 5373499?
9
What is the units digit of 256510?
0
What is the hundreds digit of 539073?
0
What is the hundred thousands digit of 7879952?
8
What is the units digit of 2457205?
5
What is the tens digit of 1142096?
9
What is the millions digit of 15519030?
5
What is the ten thousands digit of 796412?
9
What is the millions digit of 1516159?
1
What is the thousands digit of 2834753?
4
What is the units digit of 1076285?
5
What is the hundred thousands digit of 34916000?
9
What is the ten thousands digit of 568343?
6
What is the units digit of 643323?
3
What is the units digit of 2163423?
3
What is the ten thousands digit of 1067756?
6
What is the millions digit of 8402619?
8
What is the thousands digit of 11105051?
5
What is the thousands digit of 320821?
0
What is the hundred thousands digit of 274878?
2
What is the ten thousands digit of 2808422?
0
What is the hundreds digit of 2336648?
6
What is the hundreds digit of 41489237?
2
What is the units digit of 109613?
3
What is the hundreds digit of 129118?
1
What is the hundreds digit of 148279?
2
What is the ten thousands digit of 18636348?
3
What is the units digit of 6846414?
4
What is the ten thousands digit of 273333?
7
What is the hundreds digit of 1259840?
8
What is the tens digit of 286562?
6
What is the ten thousands digit of 141034?
4
What is the millions digit of 4035802?
4
What is the ten thousands digit of 444599?
4
What is the units digit of 937963?
3
What is the ten thousands digit of 34903693?
0
What is the thousands digit of 8759657?
9
What is the hundreds digit of 4888353?
3
What is the millions digit of 4921027?
4
What is the units digit of 617501?
1
What is the thousands digit of 281096?
1
What is the ten thousands digit of 4784101?
8
What is the hundreds digit of 3953609?
6
What is the ten millions digit of 14744465?
1
What is the thousands digit of 612425?
2
What is the hundred thousands digit of 173685?
1
What is the ten thousands digit of 4720674?
2
What is the tens digit of 4493108?
0
What is the tens digit of 912602?
0
What is the hundreds digit of 1705924?
9
What is the tens digit of 2943279?
7
What is the tens digit of 208333?
3
What is the thousands digit of 53703?
3
What is the tens digit of 7427843?
4
What is the thousands digit of 12349459?
9
What is the ten millions digit of 14675769?
1
What is the units digit of 6593812?
2
What is the hundreds digit of 3637612?
6
What is the hundreds digit of 411414?
4
What is the tens digit of 283570?
7
What is the units digit of 195414?
4
What is the hundreds digit of 567603?
6
What is the units digit of 9883590?
0
What is the millions digit of 7506979?
7
What is the hundreds digit of 28280307?
3
What is the millions digit of 18859712?
8
What is the ten thousands digit of 126933?
2
What is the thousands digit of 39220495?
0
What is the millions digit of 2047315?
2
What is the millions digit of 5730882?
5
What is the units digit of 44876?
6
What is the ten thousands digit of 144323?
4
What is the hundred thousands digit of 1462666?
4
What is the tens digit of 1561876?
7
What is the units digit of 2304330?
0
What is the tens digit of 4892612?
1
What is the ten thousands digit of 12111350?
1
What is the tens digit of 117904?
0
What is the hundred thousands digit of 947534?
9
What is the hundred thousands digit of 7511603?
5
What is the hundred thousands digit of 1112398?
1
What is the tens digit of 92398?
9
What is the ten thousands digit of 1660926?
6
What is the units digit of 1141094?
4
What is the ten thousands digit of 6431216?
3
What is the ten thousands digit of 27742874?
4
What is the hundred thousands digit of 1244085?
2
What is the ten thousands digit of 425390?
2
What is the hundreds digit of 7086?
0
What is the hundred thousands digit of 6581210?
5
What is the units digit of 5465333?
3
What is the ten thousands digit of 237846?
3
What is the hundreds digit of 806680?
6
What is the thousands digit of 369573?
9
What is the ten thousands digit of 2236896?
3
What is the units digit of 2364570?
0
What is the ten thousands digit of 5271354?
7
What is the hundred thousands digit of 1922348?
9
What is the tens digit of 18040850?
5
What is the millions digit of 1367111?
1
What is the units digit of 2400277?
7
What is the tens digit of 21219746?
4
What is the millions digit of 3003431?
3
What is the ten millions digit of 27327015?
2
What is the tens digit of 346617?
1
What is the thousands digit of 726185?
6
What is the ten thousands digit of 46928?
4
What is the hundreds digit of 132397?
3
What is the tens digit of 13986516?
1
What is the hundred thousands digit of 836705?
8
What is the units digit of 146321?
1
What is the thousands digit of 742733?
2
What is the units digit of 620617?
7
What is the tens digit of 5124205?
0
What is the units digit of 8748690?
0
What is the hundreds digit of 180067?
0
What is the units digit of 97517?
7
What is the millions digit of 15013039?
5
What is the hundreds digit of 249124?
1
What is the hundreds digit of 84403?
4
What is the ten thousands digit of 26938824?
3
What is the millions digit of 13639335?
3
What is the hundred thousands digit of 12239735?
2
What is the hundred thousands digit of 576705?
5
What is the hundreds digit of 445561?
5
What is the hundred thousands digit of 1376251?
3
What is the tens digit of 12402548?
4
What is the hundred thousands digit of 375209?
3
What is the hundred thousands digit of 1955400?
9
What is the tens digit of 4021183?
8
What is the hundred thousands digit of 276710?
2
What is the hundred thousands digit of 584085?
5
What is the ten thousands digit of 69741?
6
What is the hundred thousands digit of 4020855?
0
What is the hundreds digit of 776513?
5
What is the hundreds digit of 210017?
0
What is the thousands digit of 2676042?
6
What is the units digit of 82979?
9
What is the hundred thousands digit of 4910720?
9
What is the units digit of 4456704?
4
What is the hundreds digit of 120806?
8
What is the ten thousands digit of 8889313?
8
What is the thousands digit of 2619876?
9
What is the millions digit of 5773469?
5
What is the ten